actors of j?
3, 23
Let a(h) = -h**3 - 5*h**2 - h + 1. Let c be a(-5). Suppose -315 = g - c*g. What are the prime factors of g?
3, 7
Let n(g) = 7*g**3 + g**2 + 4*g - 41. List the prime factors of n(5).
3, 293
Suppose 6*j = 2 - 8. List the prime factors of j/(3/(-1899))*4/12.
211
Let w be (-120)/18*(-1 + -5). Suppose -32 = 2*a + w. Let l = -11 - a. What are the prime factors of l?
5
Let c(a) = 2*a**2 + 18*a + 2. Let p be c(-9). Suppose 5*u = 15, -p*q - 3*u = -7*u - 32. List the prime factors of q.
2, 11
Suppose 3890 = 3*p + 4*d, 3*p - 3*d = -2392 + 6310. What are the prime factors of p?
2, 3, 7, 31
List the prime factors of ((-26133)/(-155))/(5/75).
3, 281
Let j = 356 - 354. Let y = 6 + -8. List the prime factors of j*(y - (-7)/2).
3
Let u = 4487 - 1723. List the prime factors of u.
2, 691
Let v = 11 - 13. Let d(p) = 26*p**2 + 2*p + 1. What are the prime factors of d(v)?
101
Let v = -128 + 77. Let a = -25 - v. What are the prime factors of a?
2, 13
Suppose w + q - 532 = -4*q, 4*q - 1574 = -3*w. What are the prime factors of w?
2, 3, 29
Let s be (-8)/20*-10 + 1. Let m(n) = n**2 + 4*n + 6. List the prime factors of m(s).
3, 17
Suppose 0 = 5*t + 7*t - 2052. List the prime factors of t.
3, 19
Let l be (0 - 1/2)*46. Let w = l - -46. Suppose 0 = 19*h - w*h + 148. What are the prime factors of h?
37
List the prime factors of -46*(34/(-153) + (-190)/36).
11, 23
Let t(g) = 2*g**2 - 8*g - 2. Let l be t(11). Suppose -5*r - 3*c + 490 = l, -5*c - 330 = -5*r. List the prime factors of r.
67
Suppose 3*t - 6*p + p + 107 = 0, 5*t + 197 = -p. Let b be t/(-9) + (-2)/(-3). Suppose 2*f + 3*l = -2*l - 9, 3*l - 6 = -b*f. What are the prime factors of f?
3
Let i(s) = -37*s - 8. Let v(y) = -75*y - 17. Let m(o) = -9*i(o) + 4*v(o). What are the prime factors of m(6)?
2, 101
Suppose 8 = -2*a - 0*z + z, 5*a = 3*z - 22. Let t be 1/a*(-2)/1. List the prime factors of t - (36 - 0)/(-3).
13
Let r(n) = n**2 + n - 114. Let j be r(0). Let f = 56 - j. What are the prime factors of f?
2, 5, 17
Let v(d) = -588*d + 465. List the prime factors of v(-7).
3, 509
Suppose 2*f = 3*j + 4, j = f + 1 - 3. Suppose 12 = 3*a - 5*r, a = f*a + r - 4. List the prime factors of 16/(-24)*(1 - a).
2
Let p(a) = 60*a - 4. What are the prime factors of p(9)?
2, 67
Let g(c) = 27*c**2 + 27*c - 107. What are the prime factors of g(13)?
11, 19, 23
Let v be (-9*1/(-9))/((-2)/12). What are the prime factors of v/8 - (0 + 162/(-24))?
2, 3
Suppose 5*m + 0*j = -4*j - 72, -m = -3*j + 3. Let o be (m/4)/(1/5). Let l = 30 + o. List the prime factors of l.
3, 5
Let o(l) = -l**3 - 11*l**2 + 14*l + 36. List the prime factors of o(-13).
2, 3
Let p(d) = 2*d**2 + 8*d + 10. Let n be p(-10). Let j = -74 + n. Suppose -3*x - j = -5*x. List the prime factors of x.
2, 7
Let o = -36 - -41. Suppose 4*g + 102 = o*g. List the prime factors of g.
2, 3, 17
Let g = -674 + 1223. What are the prime factors of g?
3, 61
Let q = 38 - 14. Let b be (q/(-8))/(3/(-2)). Suppose 4*y - 2*y = 3*d + 5, 5*d = -b*y + 29. What are the prime factors of y?
7
Suppose 0 = 3*c - 1737 - 3939. List the prime factors of c.
2, 11, 43
Let t(c) = 3*c + 23. What are the prime factors of t(-4)?
11
Let b = 729 + -474. What are the prime factors of b?
3, 5, 17
List the prime factors of 40/(-16)*(-4616)/20.
577
Suppose 3*x = 6*x - 828. List the prime factors of x.
2, 3, 23
Suppose 46*s - 1410 - 37276 = 0. List the prime factors of s.
29
Let l(a) = -a**3 + 5*a**2 + 8*a + 1. Let p = 4 - 1. Suppose 0 = 2*n - 4, n = -p*d - 12 + 29. List the prime factors of l(d).
41
Suppose -10*w = -8332 - 1728. List the prime factors of w.
2, 503
Let m(r) = -3*r + 4. Suppose 2*a - 5*k + 28 = 4*a, 5*k = 4*a + 4. Let j be m(a). List the prime factors of (-1)/(10/j)*30.
2, 3
Let r be -3*(10/(-3) - -2). Let k be (-84 + 1)/(-1) + -7. Suppose -4*u + 26 = -5*g - 96, -r*g = 3*u - k. What are the prime factors of u?
2, 7
Let m = -70 + 56. Let j = 16 + 40. List the prime factors of (-16)/j + (-256)/m.
2, 3
Suppose 7 + 23 = -5*k. Let l = k + 11. Suppose 3*s + 210 - 45 = 5*v, 160 = l*v - 4*s. What are the prime factors of v?
2, 3
Let n(s) = -s**3 + 17*s**2 + 3*s - 46. Let d be n(17). Suppose d*g = 4*u + 1543, -3*g + 1026 = 2*u + 109. List the prime factors of g.
307
Suppose 4*h = 7*h - 6. Suppose -5*q + 195 = g, h*q - 5*g = 3*q - 15. Suppose 0 = 4*t - q - 16. List the prime factors of t.
2, 7
Suppose 0 = -5*i + b + 10453 + 2993, -4*i - 2*b + 10768 = 0. List the prime factors of i.
2, 5, 269
Let r be ((-92)/16)/(2/(-48)). Suppose 20*l = 17*l + r. What are the prime factors of l?
2, 23
Let d(o) = 2*o**2 - o. Let s be d(-1). Suppose -s*n - 15 = 0, 4*w = 3*n + 92 + 83. What are the prime factors of w?
2, 5
Let b(t) = -t**3 + 9*t**2 + 2. Let i be b(9). List the prime factors of 1*(9 + i) - -4.
3, 5
Let r(d) = -d**2 + 2*d - 8. Let g be r(6). What are the prime factors of (-193)/(-4) + (-24)/g?
7
Let m(p) be the first derivative of -9*p**2/2 - 36*p + 4. List the prime factors of m(-11).
3, 7
Let v(i) be the second derivative of -i**4/4 - 23*i**3/6 + 2*i**2 + 14*i. List the prime factors of v(-7).
2, 3
What are the prime factors of 47547/12*(-60)/(-45)?
3, 587
Let p(v) = -2*v**3 + 25*v**2 + v + 21. What are the prime factors of p(11)?
5, 79
Let s = 704 + -361. What are the prime factors of s?
7
Let t = -72 + 124. Let c = -39 + t. List the prime factors of c.
13
Let b = 44 + -28. Suppose 2*s = 34 - b. What are the prime factors of s?
3
Let r(s) = -4*s**3 - s. Let j be r(-1). Suppose -195 = j*c - 10*c. Let x = c - 17. What are the prime factors of x?
2, 11
Let d(y) = 2*y + 134. List the prime factors of d(-13).
2, 3
Let j(w) = 257*w + 138. What are the prime factors of j(9)?
3, 19, 43
Let m = 20 - 27. Let o(n) = -n**3 + 8*n**2 - 5*n + 4. Let s be o(7). Let b = s + m. What are the prime factors of b?
11
Let n(v) = -2*v + 427. Let b be n(0). Suppose 0 = -4*h - 103 + b. List the prime factors of h.
3
Let o(n) be the second derivative of n**4/2 - n**3/6 - n**2/2 - 182*n. Let w = -4 - -3. What are the prime factors of o(w)?
2, 3
Let q(v) = -v**3 - v**2 + 5*v + 2. Let l be q(-3). Suppose 3 = u - 3*a, l*u + 3*a + 2*a - 15 = 0. Suppose -5*w + 48 = -u*w. List the prime factors of w.
2, 3
Suppose z - 2177 = 8*f - 9*f, 3*f + 5*z = 6541. List the prime factors of f.
2, 3, 181
Let j(t) = t**2 - 18*t - 49. List the prime factors of j(-14).
3, 7, 19
Let l = -14 - -20. Let a(q) = -q + 2. Let o be a(l). Let x = 2 - o. List the prime factors of x.
2, 3
Suppose -8*j = -12*j - 32. Let o = j + 12. What are the prime factors of (-567)/(-14) - 2/o?
2, 5
Suppose -4*l = -2*d + 7*d + 44, 0 = 3*d + 12. Let n(b) = -b**2 - 10*b - 7. Let r be n(l). Let u = 20 - r. List the prime factors of u.
3
Let g(f) = f**3 - 5*f**2 + 12*f - 5. Let j be g(4). Suppose 0 = 4*i + 24 - 96. Let y = j - i. List the prime factors of y.
3
Suppose 28*k - 18*k = 140. List the prime factors of k.
2, 7
Suppose -9*h = -27*h + 2196. Suppose -h = p - 365. List the prime factors of p.
3
Suppose 3*j = -2*j - g + 2325, g + 471 = j. What are the prime factors of j?
2, 233
Suppose 35*h - 32*h - 378 = -2*w, 5*h = -5*w + 950. What are the prime factors of w?
2, 3
Suppose -8*j + 849 = 249. Let h = j + -42. List the prime factors of h.
3, 11
Let y(g) = 4*g**2 - 4*g + 1. Let l be y(-4). Suppose l*k - 1168 = 77*k. What are the prime factors of k?
2, 73
Suppose -3*m - 3*g + 6241 = 2*g, -5*m + 10423 = 3*g. List the prime factors of m.
2087
List the prime factors of -3 + 415 + (-1 - -4).
5, 83
Let r(w) = -w**3 + w**2 - w + 753. What are the prime factors of r(0)?
3, 251
Let u(x) = -42*x - 1409. List the prime factors of u(-35).
61
Suppose 0*u - 3*u + 3 = 0. Let t be u + 1 + -1 - 1. Suppose t*o = o - 25. List the prime factors of o.
5
Suppose 763*v - 1574 = 762*v. List the prime factors of v.
2, 787
Suppose -6*v + 3660 + 750 = 0. What are the prime factors of v?
3, 5, 7
Let f(o) = -241*o - 344. What are the prime factors of f(-2)?
2, 3, 23
What are the prime factors of (12*7/112)/(2/6504)?
3, 271
List the prime factors of 5/(-7) - 255815/(-49).
2, 3, 5, 29
Let x(v) = -v**3 - 7*v**2 - 8*v - 8. Let s be x(-6). Suppose -s*a + 1 = -155. What are the prime factors of a?
3, 13
Suppose -19*r = -17*r - 2140. What are the prime factors of r?
2, 5, 107
Suppose 4*d = 2698 - 266. Suppose -